Last updated on 2024-06-07 21:51:50 CEST.
Flavor | Version | Tinstall | Tcheck | Ttotal | Status | Flags |
---|---|---|---|---|---|---|
r-devel-linux-x86_64-debian-clang | 1.1 | 2.63 | 25.53 | 28.16 | NOTE | |
r-devel-linux-x86_64-debian-gcc | 1.1 | 2.23 | 19.78 | 22.01 | NOTE | |
r-devel-linux-x86_64-fedora-clang | 1.1 | 36.03 | NOTE | |||
r-devel-linux-x86_64-fedora-gcc | 1.1 | 33.84 | NOTE | |||
r-devel-windows-x86_64 | 1.1 | 3.00 | 44.00 | 47.00 | OK | |
r-patched-linux-x86_64 | 1.1 | 2.85 | 24.39 | 27.24 | NOTE | |
r-release-linux-x86_64 | 1.1 | 2.14 | 24.18 | 26.32 | NOTE | |
r-release-macos-arm64 | 1.1 | 15.00 | OK | |||
r-release-macos-x86_64 | 1.1 | 24.00 | OK | |||
r-release-windows-x86_64 | 1.1 | 4.00 | 43.00 | 47.00 | OK | |
r-oldrel-macos-arm64 | 1.1 | 17.00 | OK | |||
r-oldrel-macos-x86_64 | 1.1 | 21.00 | OK | |||
r-oldrel-windows-x86_64 | 1.1 | 3.00 | 42.00 | 45.00 | OK |
Version: 1.1
Check: for non-standard things in the check directory
Result: NOTE
Found the following files/directories:
‘test.txt’
Flavors: r-devel-linux-x86_64-debian-clang, r-devel-linux-x86_64-debian-gcc, r-devel-linux-x86_64-fedora-clang, r-devel-linux-x86_64-fedora-gcc, r-patched-linux-x86_64, r-release-linux-x86_64