Last updated on 2024-06-07 21:51:50 CEST.
Flavor | Version | Tinstall | Tcheck | Ttotal | Status | Flags |
---|---|---|---|---|---|---|
r-devel-linux-x86_64-debian-clang | 1.7.1 | 27.06 | 282.14 | 309.20 | NOTE | |
r-devel-linux-x86_64-debian-gcc | 1.7.1 | 19.06 | 199.89 | 218.95 | NOTE | |
r-devel-linux-x86_64-fedora-clang | 1.7.1 | 379.88 | NOTE | |||
r-devel-linux-x86_64-fedora-gcc | 1.7.1 | 368.40 | NOTE | |||
r-devel-windows-x86_64 | 1.7.1 | 25.00 | 241.00 | 266.00 | NOTE | |
r-patched-linux-x86_64 | 1.7.1 | 23.03 | 270.86 | 293.89 | NOTE | |
r-release-linux-x86_64 | 1.7.1 | 31.13 | 264.76 | 295.89 | NOTE | |
r-release-macos-arm64 | 1.7.1 | 105.00 | OK | |||
r-release-macos-x86_64 | 1.7.1 | 171.00 | OK | |||
r-release-windows-x86_64 | 1.7.1 | 27.00 | 242.00 | 269.00 | NOTE | |
r-oldrel-macos-arm64 | 1.7.1 | 121.00 | OK | |||
r-oldrel-macos-x86_64 | 1.7.1 | 320.00 | OK | |||
r-oldrel-windows-x86_64 | 1.7.1 | 32.00 | 293.00 | 325.00 | OK |
Version: 1.7.1
Check: HTML version of manual
Result: NOTE
Found the following HTML validation problems:
tnorm.html:113:32 (tnorm.Rd:74): Warning: trimming empty <code>
Flavors: r-devel-linux-x86_64-debian-clang, r-devel-linux-x86_64-debian-gcc, r-devel-linux-x86_64-fedora-clang, r-devel-linux-x86_64-fedora-gcc, r-devel-windows-x86_64, r-patched-linux-x86_64, r-release-linux-x86_64, r-release-windows-x86_64