Last updated on 2024-06-07 21:51:50 CEST.
Flavor | Version | Tinstall | Tcheck | Ttotal | Status | Flags |
---|---|---|---|---|---|---|
r-devel-linux-x86_64-debian-clang | 0.2.6 | 80.40 | 276.97 | 357.37 | OK | |
r-devel-linux-x86_64-debian-gcc | 0.2.6 | 61.93 | 175.54 | 237.47 | OK | |
r-devel-linux-x86_64-fedora-clang | 0.2.6 | 470.07 | OK | |||
r-devel-linux-x86_64-fedora-gcc | 0.2.6 | 452.68 | OK | |||
r-devel-windows-x86_64 | 0.2.6 | 66.00 | 248.00 | 314.00 | OK | |
r-patched-linux-x86_64 | 0.2.6 | 70.49 | 256.36 | 326.85 | OK | |
r-release-linux-x86_64 | 0.2.6 | 76.01 | 257.16 | 333.17 | OK | |
r-release-macos-arm64 | 0.2.6 | 108.00 | NOTE | |||
r-release-macos-x86_64 | 0.2.6 | 181.00 | NOTE | |||
r-release-windows-x86_64 | 0.2.6 | 66.00 | 255.00 | 321.00 | OK | |
r-oldrel-macos-arm64 | 0.2.6 | 115.00 | NOTE | |||
r-oldrel-macos-x86_64 | 0.2.6 | 297.00 | NOTE | |||
r-oldrel-windows-x86_64 | 0.2.6 | 81.00 | 283.00 | 364.00 | OK |
Version: 0.2.6
Check: installed package size
Result: NOTE
installed size is 6.1Mb
sub-directories of 1Mb or more:
libs 4.7Mb
Flavors: r-release-macos-arm64, r-release-macos-x86_64, r-oldrel-macos-arm64, r-oldrel-macos-x86_64