Last updated on 2024-06-15 11:50:12 CEST.
Flavor | Version | Tinstall | Tcheck | Ttotal | Status | Flags |
---|---|---|---|---|---|---|
r-devel-linux-x86_64-debian-clang | 0.0.1 | 13.33 | 83.04 | 96.37 | OK | |
r-devel-linux-x86_64-debian-gcc | 0.0.1 | 10.68 | 67.34 | 78.02 | OK | |
r-devel-linux-x86_64-fedora-clang | 0.0.1 | 124.40 | OK | |||
r-devel-linux-x86_64-fedora-gcc | 0.0.1 | 133.95 | OK | |||
r-devel-windows-x86_64 | 0.0.1 | 23.00 | 99.00 | 122.00 | OK | |
r-patched-linux-x86_64 | 0.0.1 | 11.14 | 83.29 | 94.43 | OK | |
r-release-linux-x86_64 | 0.0.1 | 10.17 | 80.98 | 91.15 | OK | |
r-release-macos-arm64 | 0.0.1 | 54.00 | NOTE | |||
r-release-macos-x86_64 | 0.0.1 | 87.00 | NOTE | |||
r-release-windows-x86_64 | 0.0.1 | 24.00 | 112.00 | 136.00 | OK | |
r-oldrel-macos-arm64 | 0.0.1 | 62.00 | NOTE | |||
r-oldrel-macos-x86_64 | 0.0.1 | 120.00 | NOTE | |||
r-oldrel-windows-x86_64 | 0.0.1 | 32.00 | 121.00 | 153.00 | OK |
Version: 0.0.1
Check: installed package size
Result: NOTE
installed size is 6.0Mb
sub-directories of 1Mb or more:
data 5.7Mb
Flavors: r-release-macos-arm64, r-release-macos-x86_64, r-oldrel-macos-arm64, r-oldrel-macos-x86_64