Last updated on 2024-06-07 21:51:54 CEST.
Flavor | Version | Tinstall | Tcheck | Ttotal | Status | Flags |
---|---|---|---|---|---|---|
r-devel-linux-x86_64-debian-clang | 1.0.2 | 187.13 | 55.03 | 242.16 | OK | |
r-devel-linux-x86_64-debian-gcc | 1.0.2 | 133.08 | 43.39 | 176.47 | OK | |
r-devel-linux-x86_64-fedora-clang | 1.0.2 | 342.82 | OK | |||
r-devel-linux-x86_64-fedora-gcc | 1.0.2 | 367.90 | OK | |||
r-devel-windows-x86_64 | 1.0.2 | 143.00 | 87.00 | 230.00 | OK | |
r-patched-linux-x86_64 | 1.0.2 | 118.29 | 53.79 | 172.08 | OK | |
r-release-linux-x86_64 | 1.0.2 | 113.77 | 54.14 | 167.91 | OK | |
r-release-macos-arm64 | 1.0.2 | 63.00 | NOTE | |||
r-release-macos-x86_64 | 1.0.2 | 114.00 | NOTE | |||
r-release-windows-x86_64 | 1.0.2 | 143.00 | 94.00 | 237.00 | OK | |
r-oldrel-macos-arm64 | 1.0.2 | 71.00 | NOTE | |||
r-oldrel-macos-x86_64 | 1.0.2 | 80.00 | NOTE | |||
r-oldrel-windows-x86_64 | 1.0.2 | 173.00 | 100.00 | 273.00 | OK |
Version: 1.0.2
Check: installed package size
Result: NOTE
installed size is 11.2Mb
sub-directories of 1Mb or more:
libs 11.0Mb
Flavors: r-release-macos-arm64, r-release-macos-x86_64, r-oldrel-macos-arm64, r-oldrel-macos-x86_64