Last updated on 2024-06-15 11:50:13 CEST.
Flavor | Version | Tinstall | Tcheck | Ttotal | Status | Flags |
---|---|---|---|---|---|---|
r-devel-linux-x86_64-debian-clang | 2.12 | 3.54 | 52.35 | 55.89 | OK | |
r-devel-linux-x86_64-debian-gcc | 2.12 | 2.51 | 40.90 | 43.41 | OK | |
r-devel-linux-x86_64-fedora-clang | 2.12 | 79.75 | NOTE | |||
r-devel-linux-x86_64-fedora-gcc | 2.12 | 81.82 | NOTE | |||
r-devel-windows-x86_64 | 2.12 | 4.00 | 64.00 | 68.00 | OK | |
r-patched-linux-x86_64 | 2.12 | 3.23 | 52.42 | 55.65 | OK | |
r-release-linux-x86_64 | 2.12 | 2.69 | 52.37 | 55.06 | OK | |
r-release-macos-arm64 | 2.12 | 30.00 | OK | |||
r-release-macos-x86_64 | 2.12 | 47.00 | OK | |||
r-release-windows-x86_64 | 2.12 | 4.00 | 65.00 | 69.00 | OK | |
r-oldrel-macos-arm64 | 2.12 | 38.00 | OK | |||
r-oldrel-macos-x86_64 | 2.12 | 74.00 | OK | |||
r-oldrel-windows-x86_64 | 2.12 | 3.00 | 67.00 | 70.00 | OK |
Version: 2.12
Check: data for non-ASCII characters
Result: NOTE
Note: found 4 marked UTF-8 strings
Flavors: r-devel-linux-x86_64-fedora-clang, r-devel-linux-x86_64-fedora-gcc