Last updated on 2024-06-08 09:49:16 CEST.
Flavor | Version | Tinstall | Tcheck | Ttotal | Status | Flags |
---|---|---|---|---|---|---|
r-devel-linux-x86_64-debian-clang | 1.0.0 | 11.07 | 103.99 | 115.06 | NOTE | |
r-devel-linux-x86_64-debian-gcc | 1.0.0 | 10.62 | 78.24 | 88.86 | NOTE | |
r-devel-linux-x86_64-fedora-clang | 1.0.0 | 158.76 | NOTE | |||
r-devel-linux-x86_64-fedora-gcc | 1.0.0 | 134.27 | NOTE | |||
r-devel-windows-x86_64 | 1.0.0 | 12.00 | 88.00 | 100.00 | NOTE | |
r-patched-linux-x86_64 | 1.0.0 | 9.03 | 97.20 | 106.23 | NOTE | |
r-release-linux-x86_64 | 1.0.0 | 8.43 | 98.26 | 106.69 | NOTE | |
r-release-macos-arm64 | 1.0.0 | 48.00 | NOTE | |||
r-release-macos-x86_64 | 1.0.0 | 61.00 | NOTE | |||
r-release-windows-x86_64 | 1.0.0 | 12.00 | 89.00 | 101.00 | NOTE | |
r-oldrel-macos-arm64 | 1.0.0 | 49.00 | NOTE | |||
r-oldrel-macos-x86_64 | 1.0.0 | 75.00 | NOTE | |||
r-oldrel-windows-x86_64 | 1.0.0 | 15.00 | 108.00 | 123.00 | NOTE |
Version: 1.0.0
Check: LazyData
Result: NOTE
'LazyData' is specified without a 'data' directory
Flavors: r-devel-linux-x86_64-debian-clang, r-devel-linux-x86_64-debian-gcc, r-devel-linux-x86_64-fedora-clang, r-devel-linux-x86_64-fedora-gcc, r-devel-windows-x86_64, r-patched-linux-x86_64, r-release-linux-x86_64, r-release-macos-arm64, r-release-macos-x86_64, r-release-windows-x86_64, r-oldrel-macos-arm64, r-oldrel-macos-x86_64, r-oldrel-windows-x86_64