Last updated on 2024-06-16 00:14:10 CEST.
Flavor | Version | Tinstall | Tcheck | Ttotal | Status | Flags |
---|---|---|---|---|---|---|
r-devel-linux-x86_64-debian-clang | 0.7.2 | 60.29 | 336.99 | 397.28 | OK | |
r-devel-linux-x86_64-debian-gcc | 0.7.2 | 53.84 | 248.69 | 302.53 | OK | |
r-devel-linux-x86_64-fedora-clang | 0.7.2 | 418.89 | NOTE | |||
r-devel-linux-x86_64-fedora-gcc | 0.7.2 | 473.78 | NOTE | |||
r-devel-windows-x86_64 | 0.7.2 | 48.00 | 217.00 | 265.00 | NOTE | |
r-patched-linux-x86_64 | 0.7.2 | 45.34 | 325.46 | 370.80 | OK | |
r-release-linux-x86_64 | 0.7.2 | 45.21 | 320.75 | 365.96 | OK | |
r-release-macos-arm64 | 0.7.2 | 119.00 | NOTE | |||
r-release-macos-x86_64 | 0.7.2 | 184.00 | NOTE | |||
r-release-windows-x86_64 | 0.7.2 | 48.00 | 222.00 | 270.00 | NOTE | |
r-oldrel-macos-arm64 | 0.7.2 | 125.00 | NOTE | |||
r-oldrel-macos-x86_64 | 0.7.2 | 265.00 | NOTE | |||
r-oldrel-windows-x86_64 | 0.7.2 | 59.00 | 281.00 | 340.00 | NOTE |
Version: 0.7.2
Check: installed package size
Result: NOTE
installed size is 5.3Mb
sub-directories of 1Mb or more:
data 4.7Mb
Flavors: r-devel-linux-x86_64-fedora-clang, r-devel-windows-x86_64, r-release-macos-arm64, r-release-macos-x86_64, r-release-windows-x86_64, r-oldrel-macos-arm64, r-oldrel-macos-x86_64, r-oldrel-windows-x86_64
Version: 0.7.2
Check: data for non-ASCII characters
Result: NOTE
Note: found 36 marked UTF-8 strings
Flavors: r-devel-linux-x86_64-fedora-clang, r-devel-linux-x86_64-fedora-gcc