Last updated on 2024-06-07 21:51:55 CEST.
Flavor | Version | Tinstall | Tcheck | Ttotal | Status | Flags |
---|---|---|---|---|---|---|
r-devel-linux-x86_64-debian-clang | 1.2.7 | 12.29 | 118.38 | 130.67 | NOTE | |
r-devel-linux-x86_64-debian-gcc | 1.2.7 | 10.61 | 86.13 | 96.74 | NOTE | |
r-devel-linux-x86_64-fedora-clang | 1.2.7 | 158.16 | NOTE | |||
r-devel-linux-x86_64-fedora-gcc | 1.2.7 | 150.64 | NOTE | |||
r-devel-windows-x86_64 | 1.2.7 | 13.00 | 110.00 | 123.00 | NOTE | |
r-patched-linux-x86_64 | 1.2.7 | 15.83 | 112.59 | 128.42 | NOTE | |
r-release-linux-x86_64 | 1.2.7 | 10.90 | 111.86 | 122.76 | NOTE | |
r-release-macos-arm64 | 1.2.7 | 45.00 | NOTE | |||
r-release-macos-x86_64 | 1.2.7 | 73.00 | NOTE | |||
r-release-windows-x86_64 | 1.2.7 | 14.00 | 110.00 | 124.00 | NOTE | |
r-oldrel-macos-arm64 | 1.2.7 | 57.00 | OK | |||
r-oldrel-macos-x86_64 | 1.2.7 | 93.00 | OK | |||
r-oldrel-windows-x86_64 | 1.2.7 | 16.00 | 137.00 | 153.00 | OK |
Version: 1.2.7
Check: Rd files
Result: NOTE
checkRd: (-1) summary.parsec.Rd:13-14: Lost braces in \itemize; meant \describe ?
Flavors: r-devel-linux-x86_64-debian-clang, r-devel-linux-x86_64-debian-gcc, r-devel-linux-x86_64-fedora-clang, r-devel-linux-x86_64-fedora-gcc, r-devel-windows-x86_64, r-patched-linux-x86_64, r-release-linux-x86_64, r-release-macos-arm64, r-release-macos-x86_64, r-release-windows-x86_64