Last updated on 2024-06-07 21:51:55 CEST.
Flavor | Version | Tinstall | Tcheck | Ttotal | Status | Flags |
---|---|---|---|---|---|---|
r-devel-linux-x86_64-debian-clang | 1.3 | 14.05 | 116.10 | 130.15 | OK | |
r-devel-linux-x86_64-debian-gcc | 1.3 | 9.42 | 83.81 | 93.23 | OK | |
r-devel-linux-x86_64-fedora-clang | 1.3 | 159.56 | OK | |||
r-devel-linux-x86_64-fedora-gcc | 1.3 | 160.38 | OK | |||
r-devel-windows-x86_64 | 1.3 | 14.00 | 146.00 | 160.00 | OK | |
r-patched-linux-x86_64 | 1.3 | 13.32 | 109.84 | 123.16 | OK | |
r-release-linux-x86_64 | 1.3 | 10.93 | 106.21 | 117.14 | OK | |
r-release-macos-arm64 | 1.3 | 50.00 | OK | |||
r-release-macos-x86_64 | 1.3 | 83.00 | OK | |||
r-release-windows-x86_64 | 1.3 | 14.00 | 147.00 | 161.00 | OK | |
r-oldrel-macos-arm64 | 1.3 | 72.00 | NOTE | |||
r-oldrel-macos-x86_64 | 1.3 | 152.00 | OK | |||
r-oldrel-windows-x86_64 | 1.3 | 16.00 | 158.00 | 174.00 | OK |
Version: 1.3
Check: package dependencies
Result: NOTE
Package suggested but not available for checking: ‘snpStats’
Flavor: r-oldrel-macos-arm64