Last updated on 2024-06-08 09:49:17 CEST.
Flavor | Version | Tinstall | Tcheck | Ttotal | Status | Flags |
---|---|---|---|---|---|---|
r-devel-linux-x86_64-debian-clang | 1.2-4 | 17.78 | 217.57 | 235.35 | OK | |
r-devel-linux-x86_64-debian-gcc | 1.2-4 | 16.39 | 163.68 | 180.07 | OK | |
r-devel-linux-x86_64-fedora-clang | 1.2-4 | 301.84 | OK | |||
r-devel-linux-x86_64-fedora-gcc | 1.2-4 | 290.65 | OK | |||
r-devel-windows-x86_64 | 1.2-4 | 17.00 | 187.00 | 204.00 | OK | |
r-patched-linux-x86_64 | 1.2-4 | 25.08 | 205.42 | 230.50 | OK | |
r-release-linux-x86_64 | 1.2-4 | 18.50 | 208.55 | 227.05 | OK | |
r-release-macos-arm64 | 1.2-4 | 77.00 | OK | |||
r-release-macos-x86_64 | 1.2-4 | 128.00 | WARN | |||
r-release-windows-x86_64 | 1.2-4 | 18.00 | 187.00 | 205.00 | OK | |
r-oldrel-macos-arm64 | 1.2-4 | 91.00 | OK | |||
r-oldrel-macos-x86_64 | 1.2-4 | 156.00 | NOTE | |||
r-oldrel-windows-x86_64 | 1.2-4 | 23.00 | 222.00 | 245.00 | OK |
Version: 1.2-4
Check: re-building of vignette outputs
Result: WARN
Error(s) in re-building vignettes:
--- re-building ‘pez-intro.Rnw’ using knitr
Error: processing vignette 'pez-intro.Rnw' failed with diagnostics:
Running 'texi2dvi' on 'pez-intro.tex' failed.
LaTeX errors:
! Undefined control sequence.
l.124 \hlkwd{library}\hldef
{(pez)}
?
! Emergency stop.
! Emergency stop.
l.124
End of file on the terminal!
! ==> Fatal error occurred, no output PDF file produced!
--- failed re-building ‘pez-intro.Rnw’
--- re-building ‘pez-pglmm-overview.Rnw’ using knitr
Error: processing vignette 'pez-pglmm-overview.Rnw' failed with diagnostics:
Running 'texi2dvi' on 'pez-pglmm-overview.tex' failed.
LaTeX errors:
! Undefined control sequence.
l.108 \hldef
{nspp} \hlkwb{<-} \hlnum{15}
?
! Emergency stop.
! Emergency stop.
l.108
End of file on the terminal!
! ==> Fatal error occurred, no output PDF file produced!
--- failed re-building ‘pez-pglmm-overview.Rnw’
SUMMARY: processing the following files failed:
‘pez-intro.Rnw’ ‘pez-pglmm-overview.Rnw’
Error: Vignette re-building failed.
Execution halted
Flavor: r-release-macos-x86_64
Version: 1.2-4
Check: package dependencies
Result: NOTE
Package suggested but not available for checking: ‘lme4’
Flavor: r-oldrel-macos-x86_64
Version: 1.2-4
Check: Rd cross-references
Result: NOTE
Package unavailable to check Rd xrefs: ‘lme4’
Flavor: r-oldrel-macos-x86_64