Last updated on 2024-06-07 21:51:56 CEST.
Flavor | Version | Tinstall | Tcheck | Ttotal | Status | Flags |
---|---|---|---|---|---|---|
r-devel-linux-x86_64-debian-clang | 1.5.1 | 1.65 | 28.95 | 30.60 | NOTE | |
r-devel-linux-x86_64-debian-gcc | 1.5.1 | 2.17 | 22.32 | 24.49 | NOTE | |
r-devel-linux-x86_64-fedora-clang | 1.5.1 | 42.14 | NOTE | |||
r-devel-linux-x86_64-fedora-gcc | 1.5.1 | 51.58 | NOTE | |||
r-devel-windows-x86_64 | 1.5.1 | 3.00 | 44.00 | 47.00 | NOTE | |
r-patched-linux-x86_64 | 1.5.1 | 1.81 | 28.23 | 30.04 | NOTE | |
r-release-linux-x86_64 | 1.5.1 | 1.62 | 28.44 | 30.06 | NOTE | |
r-release-macos-arm64 | 1.5.1 | 84.00 | NOTE | |||
r-release-macos-x86_64 | 1.5.1 | 36.00 | NOTE | |||
r-release-windows-x86_64 | 1.5.1 | 3.00 | 45.00 | 48.00 | NOTE | |
r-oldrel-macos-arm64 | 1.5.1 | 23.00 | NOTE | |||
r-oldrel-macos-x86_64 | 1.5.1 | 33.00 | NOTE | |||
r-oldrel-windows-x86_64 | 1.5.1 | 4.00 | 45.00 | 49.00 | NOTE |
Version: 1.5.1
Check: package dependencies
Result: NOTE
Package suggested but not available for checking: ‘rdt’
Flavors: r-devel-linux-x86_64-debian-clang, r-devel-linux-x86_64-debian-gcc, r-devel-linux-x86_64-fedora-clang, r-devel-linux-x86_64-fedora-gcc, r-devel-windows-x86_64, r-patched-linux-x86_64, r-release-linux-x86_64, r-release-macos-arm64, r-release-macos-x86_64, r-release-windows-x86_64, r-oldrel-macos-arm64, r-oldrel-macos-x86_64, r-oldrel-windows-x86_64