Last updated on 2024-06-08 09:49:18 CEST.
Flavor | Version | Tinstall | Tcheck | Ttotal | Status | Flags |
---|---|---|---|---|---|---|
r-devel-linux-x86_64-debian-clang | 1.3.1 | 5.48 | 195.34 | 200.82 | NOTE | |
r-devel-linux-x86_64-debian-gcc | 1.3.1 | 2.29 | 138.50 | 140.79 | NOTE | |
r-devel-linux-x86_64-fedora-clang | 1.3.1 | 247.52 | NOTE | |||
r-devel-linux-x86_64-fedora-gcc | 1.3.1 | 258.33 | NOTE | |||
r-devel-windows-x86_64 | 1.3.1 | 4.00 | 153.00 | 157.00 | NOTE | |
r-patched-linux-x86_64 | 1.3.1 | 4.33 | 186.91 | 191.24 | NOTE | |
r-release-linux-x86_64 | 1.3.1 | 4.15 | 192.51 | 196.66 | NOTE | |
r-release-macos-arm64 | 1.3.1 | 64.00 | NOTE | |||
r-release-macos-x86_64 | 1.3.1 | 112.00 | NOTE | |||
r-release-windows-x86_64 | 1.3.1 | 5.00 | 155.00 | 160.00 | NOTE | |
r-oldrel-macos-arm64 | 1.3.1 | 69.00 | NOTE | |||
r-oldrel-macos-x86_64 | 1.3.1 | 150.00 | NOTE | |||
r-oldrel-windows-x86_64 | 1.3.1 | 6.00 | 198.00 | 204.00 | NOTE |
Version: 1.3.1
Check: LazyData
Result: NOTE
'LazyData' is specified without a 'data' directory
Flavors: r-devel-linux-x86_64-debian-clang, r-devel-linux-x86_64-debian-gcc, r-devel-linux-x86_64-fedora-clang, r-devel-linux-x86_64-fedora-gcc, r-devel-windows-x86_64, r-patched-linux-x86_64, r-release-linux-x86_64, r-release-macos-arm64, r-release-macos-x86_64, r-release-windows-x86_64, r-oldrel-macos-arm64, r-oldrel-macos-x86_64, r-oldrel-windows-x86_64