Last updated on 2024-06-07 21:51:56 CEST.
Flavor | Version | Tinstall | Tcheck | Ttotal | Status | Flags |
---|---|---|---|---|---|---|
r-devel-linux-x86_64-debian-clang | 1.1.2 | 26.71 | 225.27 | 251.98 | OK | |
r-devel-linux-x86_64-debian-gcc | 1.1.2 | 19.96 | 159.04 | 179.00 | OK | |
r-devel-linux-x86_64-fedora-clang | 1.1.2 | 306.64 | NOTE | |||
r-devel-linux-x86_64-fedora-gcc | 1.1.2 | 305.69 | OK | |||
r-devel-windows-x86_64 | 1.1.2 | 22.00 | 158.00 | 180.00 | OK | |
r-patched-linux-x86_64 | 1.1.2 | 24.80 | 215.32 | 240.12 | OK | |
r-release-linux-x86_64 | 1.1.2 | 21.83 | 207.63 | 229.46 | OK | |
r-release-macos-arm64 | 1.1.2 | 87.00 | OK | |||
r-release-macos-x86_64 | 1.1.2 | 163.00 | OK | |||
r-release-windows-x86_64 | 1.1.2 | 23.00 | 159.00 | 182.00 | OK | |
r-oldrel-macos-arm64 | 1.1.2 | 92.00 | OK | |||
r-oldrel-macos-x86_64 | 1.1.2 | 194.00 | OK | |||
r-oldrel-windows-x86_64 | 1.1.2 | 28.00 | 198.00 | 226.00 | OK |
Version: 1.1.2
Check: Rd cross-references
Result: NOTE
Undeclared package ‘spsur’ in Rd xrefs
Flavor: r-devel-linux-x86_64-fedora-clang