Last updated on 2024-06-07 21:51:57 CEST.
Flavor | Version | Tinstall | Tcheck | Ttotal | Status | Flags |
---|---|---|---|---|---|---|
r-devel-linux-x86_64-debian-clang | 1.3.4 | 17.15 | 432.58 | 449.73 | OK | |
r-devel-linux-x86_64-debian-gcc | 1.3.4 | 13.25 | 344.79 | 358.04 | OK | |
r-devel-linux-x86_64-fedora-clang | 1.3.4 | 570.65 | NOTE | |||
r-devel-linux-x86_64-fedora-gcc | 1.3.4 | 595.20 | OK | |||
r-devel-windows-x86_64 | 1.3.4 | 17.00 | 324.00 | 341.00 | NOTE | |
r-patched-linux-x86_64 | 1.3.4 | 15.84 | 437.71 | 453.55 | OK | |
r-release-linux-x86_64 | 1.3.4 | 16.01 | 449.67 | 465.68 | OK | |
r-release-macos-arm64 | 1.3.4 | 215.00 | NOTE | |||
r-release-macos-x86_64 | 1.3.4 | 306.00 | NOTE | |||
r-release-windows-x86_64 | 1.3.4 | 16.00 | 330.00 | 346.00 | NOTE | |
r-oldrel-macos-arm64 | 1.3.4 | 235.00 | NOTE | |||
r-oldrel-macos-x86_64 | 1.3.4 | 375.00 | NOTE | |||
r-oldrel-windows-x86_64 | 1.3.4 | 20.00 | 413.00 | 433.00 | NOTE |
Version: 1.3.4
Check: installed package size
Result: NOTE
installed size is 5.9Mb
sub-directories of 1Mb or more:
doc 5.2Mb
Flavors: r-devel-linux-x86_64-fedora-clang, r-devel-windows-x86_64, r-release-macos-arm64, r-release-macos-x86_64, r-release-windows-x86_64, r-oldrel-macos-arm64, r-oldrel-macos-x86_64, r-oldrel-windows-x86_64