Last updated on 2024-06-07 21:51:57 CEST.
Flavor | Version | Tinstall | Tcheck | Ttotal | Status | Flags |
---|---|---|---|---|---|---|
r-devel-linux-x86_64-debian-clang | 0.1.4 | 10.09 | 125.10 | 135.19 | NOTE | |
r-devel-linux-x86_64-debian-gcc | 0.1.4 | 9.29 | 92.64 | 101.93 | NOTE | |
r-devel-linux-x86_64-fedora-clang | 0.1.4 | 173.88 | NOTE | |||
r-devel-linux-x86_64-fedora-gcc | 0.1.4 | 174.10 | NOTE | |||
r-devel-windows-x86_64 | 0.1.4 | 12.00 | 265.00 | 277.00 | NOTE | |
r-patched-linux-x86_64 | 0.1.4 | 25.01 | 120.42 | 145.43 | NOTE | |
r-release-linux-x86_64 | 0.1.4 | 7.54 | 117.68 | 125.22 | NOTE | |
r-release-macos-arm64 | 0.1.4 | 57.00 | NOTE | |||
r-release-macos-x86_64 | 0.1.4 | 84.00 | NOTE | |||
r-release-windows-x86_64 | 0.1.4 | 15.00 | 151.00 | 166.00 | NOTE | |
r-oldrel-macos-arm64 | 0.1.4 | 55.00 | NOTE | |||
r-oldrel-macos-x86_64 | 0.1.4 | 93.00 | NOTE | |||
r-oldrel-windows-x86_64 | 0.1.4 | 15.00 | 172.00 | 187.00 | NOTE |
Version: 0.1.4
Check: LazyData
Result: NOTE
'LazyData' is specified without a 'data' directory
Flavors: r-devel-linux-x86_64-debian-clang, r-devel-linux-x86_64-debian-gcc, r-devel-linux-x86_64-fedora-clang, r-devel-linux-x86_64-fedora-gcc, r-devel-windows-x86_64, r-patched-linux-x86_64, r-release-linux-x86_64, r-release-macos-arm64, r-release-macos-x86_64, r-release-windows-x86_64, r-oldrel-macos-arm64, r-oldrel-macos-x86_64, r-oldrel-windows-x86_64