Last updated on 2024-06-08 09:49:19 CEST.
Flavor | Version | Tinstall | Tcheck | Ttotal | Status | Flags |
---|---|---|---|---|---|---|
r-devel-linux-x86_64-debian-clang | 1.0.0 | 4.19 | 46.37 | 50.56 | NOTE | |
r-devel-linux-x86_64-debian-gcc | 1.0.0 | 3.36 | 34.12 | 37.48 | NOTE | |
r-devel-linux-x86_64-fedora-clang | 1.0.0 | 63.52 | NOTE | |||
r-devel-linux-x86_64-fedora-gcc | 1.0.0 | 59.16 | NOTE | |||
r-devel-windows-x86_64 | 1.0.0 | 5.00 | 167.00 | 172.00 | NOTE | |
r-patched-linux-x86_64 | 1.0.0 | 4.95 | 44.40 | 49.35 | NOTE | |
r-release-linux-x86_64 | 1.0.0 | 3.25 | 43.26 | 46.51 | NOTE | |
r-release-macos-arm64 | 1.0.0 | 19.00 | NOTE | |||
r-release-macos-x86_64 | 1.0.0 | 30.00 | NOTE | |||
r-release-windows-x86_64 | 1.0.0 | 5.00 | 56.00 | 61.00 | NOTE | |
r-oldrel-macos-arm64 | 1.0.0 | 21.00 | NOTE | |||
r-oldrel-macos-x86_64 | 1.0.0 | 28.00 | NOTE | |||
r-oldrel-windows-x86_64 | 1.0.0 | 5.00 | 61.00 | 66.00 | NOTE |
Version: 1.0.0
Check: LazyData
Result: NOTE
'LazyData' is specified without a 'data' directory
Flavors: r-devel-linux-x86_64-debian-clang, r-devel-linux-x86_64-debian-gcc, r-devel-linux-x86_64-fedora-clang, r-devel-linux-x86_64-fedora-gcc, r-devel-windows-x86_64, r-patched-linux-x86_64, r-release-linux-x86_64, r-release-macos-arm64, r-release-macos-x86_64, r-release-windows-x86_64, r-oldrel-macos-arm64, r-oldrel-macos-x86_64, r-oldrel-windows-x86_64