Last updated on 2024-06-08 09:49:19 CEST.
Flavor | Version | Tinstall | Tcheck | Ttotal | Status | Flags |
---|---|---|---|---|---|---|
r-devel-linux-x86_64-debian-clang | 0.2.1 | 12.27 | 167.01 | 179.28 | OK | |
r-devel-linux-x86_64-debian-gcc | 0.2.1 | 13.11 | 124.89 | 138.00 | OK | |
r-devel-linux-x86_64-fedora-clang | 0.2.1 | 228.78 | OK | |||
r-devel-linux-x86_64-fedora-gcc | 0.2.1 | 232.22 | OK | |||
r-devel-windows-x86_64 | 0.2.1 | 16.00 | 261.00 | 277.00 | ERROR | |
r-patched-linux-x86_64 | 0.2.1 | 11.23 | 159.41 | 170.64 | OK | |
r-release-linux-x86_64 | 0.2.1 | 11.60 | 158.41 | 170.01 | OK | |
r-release-macos-arm64 | 0.2.1 | 91.00 | OK | |||
r-release-macos-x86_64 | 0.2.1 | 121.00 | OK | |||
r-release-windows-x86_64 | 0.2.1 | 16.00 | 165.00 | 181.00 | OK | |
r-oldrel-macos-arm64 | 0.2.1 | 100.00 | OK | |||
r-oldrel-macos-x86_64 | 0.2.1 | 128.00 | OK | |||
r-oldrel-windows-x86_64 | 0.2.1 | 20.00 | 190.00 | 210.00 | OK |
Version: 0.2.1
Check: tests
Result: ERROR
Running 'testthat.R' [26s]
Running the tests in 'tests/testthat.R' failed.
Complete output:
> library(testthat)
> library(rdomains)
>
> test_check("rdomains")
[ FAIL 2 | WARN 0 | SKIP 1 | PASS 1 ]
══ Skipped tests (1) ═══════════════════════════════════════════════════════════
• On CRAN (1): 'test-pkg-style.R:5:5'
══ Failed tests ════════════════════════════════════════════════════════════════
── Error ('test-dmoz-cat.R:5:3'): dmoz cat ─────────────────────────────────────
Error in `curl_download(paste0("https://github.com/themains/rdomains/blob/master/data-raw/dmoz/",
"dmoz_domain_category.zip?raw=TRUE"), tmp)`: Timeout was reached: [] Resolving timed out after 10003 milliseconds
Backtrace:
▆
1. └─rdomains::get_dmoz_data() at test-dmoz-cat.R:5:3
2. └─curl::curl_download(...)
── Error ('test-shalla-cat.R:5:3'): shallalist cat ─────────────────────────────
Error in `curl_download("https://raw.githubusercontent.com/themains/rdomains/master/data-raw/shallalist/accomplist/shallalist.gz",
tmp)`: Timeout was reached: [] Resolving timed out after 10010 milliseconds
Backtrace:
▆
1. └─rdomains::get_shalla_data() at test-shalla-cat.R:5:3
2. └─curl::curl_download(...)
[ FAIL 2 | WARN 0 | SKIP 1 | PASS 1 ]
Error: Test failures
Execution halted
Flavor: r-devel-windows-x86_64