Last updated on 2024-06-07 21:51:58 CEST.
Flavor | Version | Tinstall | Tcheck | Ttotal | Status | Flags |
---|---|---|---|---|---|---|
r-devel-linux-x86_64-debian-clang | 0.4.5 | 8.77 | 88.27 | 97.04 | NOTE | |
r-devel-linux-x86_64-debian-gcc | 0.4.5 | 6.73 | 66.01 | 72.74 | NOTE | |
r-devel-linux-x86_64-fedora-clang | 0.4.5 | 115.22 | NOTE | |||
r-devel-linux-x86_64-fedora-gcc | 0.4.5 | 112.80 | NOTE | |||
r-devel-windows-x86_64 | 0.4.5 | 7.00 | 76.00 | 83.00 | NOTE | |
r-patched-linux-x86_64 | 0.4.5 | 12.52 | 84.47 | 96.99 | NOTE | |
r-release-linux-x86_64 | 0.4.5 | 8.28 | 83.20 | 91.48 | NOTE | |
r-release-macos-arm64 | 0.4.5 | 36.00 | NOTE | |||
r-release-macos-x86_64 | 0.4.5 | 51.00 | NOTE | |||
r-release-windows-x86_64 | 0.4.5 | 8.00 | 78.00 | 86.00 | NOTE | |
r-oldrel-macos-arm64 | 0.4.5 | 38.00 | NOTE | |||
r-oldrel-macos-x86_64 | 0.4.5 | 64.00 | NOTE | |||
r-oldrel-windows-x86_64 | 0.4.5 | 10.00 | 92.00 | 102.00 | NOTE |
Version: 0.4.5
Check: LazyData
Result: NOTE
'LazyData' is specified without a 'data' directory
Flavors: r-devel-linux-x86_64-debian-clang, r-devel-linux-x86_64-debian-gcc, r-devel-linux-x86_64-fedora-clang, r-devel-linux-x86_64-fedora-gcc, r-devel-windows-x86_64, r-patched-linux-x86_64, r-release-linux-x86_64, r-release-macos-arm64, r-release-macos-x86_64, r-release-windows-x86_64, r-oldrel-macos-arm64, r-oldrel-macos-x86_64, r-oldrel-windows-x86_64
Version: 0.4.5
Check: dependencies in R code
Result: NOTE
Namespace in Imports field not imported from: ‘coda’
All declared Imports should be used.
Flavors: r-devel-linux-x86_64-fedora-clang, r-devel-linux-x86_64-fedora-gcc