Last updated on 2024-06-15 11:50:17 CEST.
Flavor | Version | Tinstall | Tcheck | Ttotal | Status | Flags |
---|---|---|---|---|---|---|
r-devel-linux-x86_64-debian-clang | 1.4.0 | 9.60 | 87.06 | 96.66 | OK | |
r-devel-linux-x86_64-debian-gcc | 1.4.0 | 8.19 | 65.53 | 73.72 | OK | |
r-devel-linux-x86_64-fedora-clang | 1.4.0 | 129.63 | OK | |||
r-devel-linux-x86_64-fedora-gcc | 1.4.0 | 132.29 | OK | |||
r-devel-windows-x86_64 | 1.4.0 | 10.00 | 89.00 | 99.00 | OK | |
r-patched-linux-x86_64 | 1.4.0 | 11.44 | 83.36 | 94.80 | OK | |
r-release-linux-x86_64 | 1.4.0 | 10.76 | 83.13 | 93.89 | OK | |
r-release-macos-arm64 | 1.4.0 | 63.00 | OK | |||
r-release-macos-x86_64 | 1.4.0 | 80.00 | OK | |||
r-release-windows-x86_64 | 1.4.0 | 11.00 | 87.00 | 98.00 | OK | |
r-oldrel-macos-arm64 | 1.4.0 | 58.00 | OK | |||
r-oldrel-macos-x86_64 | 1.4.0 | 111.00 | OK | |||
r-oldrel-windows-x86_64 | 1.4.0 | 12.00 | 105.00 | 117.00 | ERROR |
Version: 1.4.0
Check: examples
Result: ERROR
Running examples in 'rphylopic-Ex.R' failed
The error most likely occurred in:
> ### Name: add_phylopic_legend
> ### Title: Add a PhyloPic legend for a base R plot
> ### Aliases: add_phylopic_legend
>
> ### ** Examples
>
> # Get UUIDs
> uuids <- get_uuid(name = "Canis lupus", n = 2)
Error in get_uuid(name = "Canis lupus", n = 2) :
No images matching the specified `filter`.
Execution halted
Flavor: r-oldrel-windows-x86_64