Last updated on 2024-06-29 11:49:23 CEST.
Flavor | Version | Tinstall | Tcheck | Ttotal | Status | Flags |
---|---|---|---|---|---|---|
r-devel-linux-x86_64-debian-clang | 1.0.9 | 16.25 | 139.24 | 155.49 | OK | |
r-devel-linux-x86_64-debian-gcc | 1.0.9 | 13.29 | 101.79 | 115.08 | OK | |
r-devel-linux-x86_64-fedora-clang | 1.0.9 | 196.13 | NOTE | |||
r-devel-linux-x86_64-fedora-gcc | 1.0.9 | 238.85 | OK | |||
r-devel-windows-x86_64 | 1.0.9 | 15.00 | 113.00 | 128.00 | OK | |
r-patched-linux-x86_64 | 1.0.9 | 13.22 | 132.77 | 145.99 | OK | |
r-release-linux-x86_64 | 1.0.9 | 11.33 | 129.95 | 141.28 | OK | |
r-release-macos-arm64 | 1.0.9 | 73.00 | OK | |||
r-release-macos-x86_64 | 1.0.9 | 129.00 | OK | |||
r-release-windows-x86_64 | 1.0.9 | 14.00 | 113.00 | 127.00 | OK | |
r-oldrel-macos-arm64 | 1.0.9 | 81.00 | OK | |||
r-oldrel-macos-x86_64 | 1.0.9 | 148.00 | OK | |||
r-oldrel-windows-x86_64 | 1.0.9 | 19.00 | 140.00 | 159.00 | OK |
Version: 1.0.9
Check: Rd cross-references
Result: NOTE
Undeclared package ‘RColorBrewer’ in Rd xrefs
Flavor: r-devel-linux-x86_64-fedora-clang