Last updated on 2024-06-07 21:51:59 CEST.
Flavor | Version | Tinstall | Tcheck | Ttotal | Status | Flags |
---|---|---|---|---|---|---|
r-devel-linux-x86_64-debian-clang | 1.3-8 | 40.29 | 421.41 | 461.70 | OK | |
r-devel-linux-x86_64-debian-gcc | 1.3-8 | 28.75 | 289.60 | 318.35 | OK | |
r-devel-linux-x86_64-fedora-clang | 1.3-8 | 544.29 | NOTE | |||
r-devel-linux-x86_64-fedora-gcc | 1.3-8 | 531.07 | OK | |||
r-devel-windows-x86_64 | 1.3-8 | 27.00 | 282.00 | 309.00 | NOTE | |
r-patched-linux-x86_64 | 1.3-8 | 36.93 | 384.00 | 420.93 | OK | |
r-release-linux-x86_64 | 1.3-8 | 28.60 | 384.44 | 413.04 | OK | |
r-release-macos-arm64 | 1.3-8 | 124.00 | NOTE | |||
r-release-macos-x86_64 | 1.3-8 | 213.00 | NOTE | |||
r-release-windows-x86_64 | 1.3-8 | 27.00 | 279.00 | 306.00 | NOTE | |
r-oldrel-macos-arm64 | 1.3-8 | 151.00 | NOTE | |||
r-oldrel-macos-x86_64 | 1.3-8 | 414.00 | NOTE | |||
r-oldrel-windows-x86_64 | 1.3-8 | 38.00 | 358.00 | 396.00 | NOTE |
Version: 1.3-8
Check: installed package size
Result: NOTE
installed size is 6.3Mb
sub-directories of 1Mb or more:
data 2.1Mb
doc 3.9Mb
Flavors: r-devel-linux-x86_64-fedora-clang, r-devel-windows-x86_64, r-release-macos-arm64, r-release-macos-x86_64, r-release-windows-x86_64, r-oldrel-macos-arm64, r-oldrel-macos-x86_64, r-oldrel-windows-x86_64