Last updated on 2024-06-15 11:50:18 CEST.
Flavor | Version | Tinstall | Tcheck | Ttotal | Status | Flags |
---|---|---|---|---|---|---|
r-devel-linux-x86_64-debian-clang | 1.1.6 | 716.54 | 85.48 | 802.02 | NOTE | |
r-devel-linux-x86_64-debian-gcc | 1.1.6 | 547.56 | 54.16 | 601.72 | NOTE | |
r-devel-linux-x86_64-fedora-clang | 1.1.6 | 1366.82 | NOTE | |||
r-devel-linux-x86_64-fedora-gcc | 1.1.6 | 1361.06 | NOTE | |||
r-devel-windows-x86_64 | 1.1.6 | 656.00 | 139.00 | 795.00 | NOTE | |
r-patched-linux-x86_64 | 1.1.6 | 664.35 | 70.91 | 735.26 | NOTE | |
r-release-linux-x86_64 | 1.1.6 | 662.50 | 69.33 | 731.83 | NOTE | |
r-release-macos-arm64 | 1.1.6 | 188.00 | NOTE | |||
r-release-macos-x86_64 | 1.1.6 | 174.00 | NOTE | |||
r-release-windows-x86_64 | 1.1.6 | 667.00 | 157.00 | 824.00 | NOTE | |
r-oldrel-macos-arm64 | 1.1.6 | 203.00 | NOTE | |||
r-oldrel-macos-x86_64 | 1.1.6 | 202.00 | NOTE | |||
r-oldrel-windows-x86_64 | 1.1.6 | 772.00 | 188.00 | 960.00 | NOTE |
Version: 1.1.6
Check: C++ specification
Result: NOTE
Specified C++11: please drop specification unless essential
Flavors: r-devel-linux-x86_64-debian-clang, r-devel-linux-x86_64-debian-gcc, r-devel-linux-x86_64-fedora-clang, r-devel-linux-x86_64-fedora-gcc, r-devel-windows-x86_64, r-patched-linux-x86_64, r-release-linux-x86_64, r-release-macos-arm64, r-release-macos-x86_64, r-release-windows-x86_64, r-oldrel-macos-arm64, r-oldrel-macos-x86_64, r-oldrel-windows-x86_64
Version: 1.1.6
Check: Rd cross-references
Result: NOTE
Undeclared package ‘sf’ in Rd xrefs
Flavor: r-devel-linux-x86_64-fedora-clang
Version: 1.1.6
Check: installed package size
Result: NOTE
installed size is 5.9Mb
sub-directories of 1Mb or more:
libs 4.8Mb
Flavors: r-devel-windows-x86_64, r-release-macos-arm64, r-release-macos-x86_64, r-release-windows-x86_64, r-oldrel-macos-arm64, r-oldrel-macos-x86_64, r-oldrel-windows-x86_64