Last updated on 2024-06-07 21:51:59 CEST.
Flavor | Version | Tinstall | Tcheck | Ttotal | Status | Flags |
---|---|---|---|---|---|---|
r-devel-linux-x86_64-debian-clang | 0.1.1 | 8.88 | 81.53 | 90.41 | OK | |
r-devel-linux-x86_64-debian-gcc | 0.1.1 | 7.13 | 61.83 | 68.96 | OK | |
r-devel-linux-x86_64-fedora-clang | 0.1.1 | 112.53 | OK | |||
r-devel-linux-x86_64-fedora-gcc | 0.1.1 | 119.87 | OK | |||
r-devel-windows-x86_64 | 0.1.1 | 8.00 | 77.00 | 85.00 | OK | |
r-patched-linux-x86_64 | 0.1.1 | 13.32 | 76.68 | 90.00 | OK | |
r-release-linux-x86_64 | 0.1.1 | 9.97 | 79.06 | 89.03 | OK | |
r-release-macos-arm64 | 0.1.1 | 41.00 | OK | |||
r-release-macos-x86_64 | 0.1.1 | 62.00 | OK | |||
r-release-windows-x86_64 | 0.1.1 | 9.00 | 79.00 | 88.00 | OK | |
r-oldrel-macos-arm64 | 0.1.1 | 42.00 | OK | |||
r-oldrel-macos-x86_64 | 0.1.1 | 70.00 | NOTE | |||
r-oldrel-windows-x86_64 | 0.1.1 | 10.00 | 101.00 | 111.00 | OK |
Version: 0.1.1
Check: package dependencies
Result: NOTE
Packages suggested but not available for checking:
'FactoMineR', 'descriptio'
Flavor: r-oldrel-macos-x86_64