Last updated on 2024-06-07 21:52:00 CEST.
Flavor | Version | Tinstall | Tcheck | Ttotal | Status | Flags |
---|---|---|---|---|---|---|
r-devel-linux-x86_64-debian-clang | 0.6.1 | 24.69 | 298.65 | 323.34 | OK | |
r-devel-linux-x86_64-debian-gcc | 0.6.1 | 24.72 | 220.63 | 245.35 | OK | |
r-devel-linux-x86_64-fedora-clang | 0.6.1 | 409.16 | NOTE | |||
r-devel-linux-x86_64-fedora-gcc | 0.6.1 | 394.67 | NOTE | |||
r-devel-windows-x86_64 | 0.6.1 | 28.00 | 249.00 | 277.00 | OK | |
r-patched-linux-x86_64 | 0.6.1 | 21.26 | 288.52 | 309.78 | OK | |
r-release-linux-x86_64 | 0.6.1 | 19.29 | 290.80 | 310.09 | OK | |
r-release-macos-arm64 | 0.6.1 | 104.00 | OK | |||
r-release-macos-x86_64 | 0.6.1 | 208.00 | OK | |||
r-release-windows-x86_64 | 0.6.1 | 31.00 | 262.00 | 293.00 | OK | |
r-oldrel-macos-arm64 | 0.6.1 | 110.00 | OK | |||
r-oldrel-macos-x86_64 | 0.6.1 | 308.00 | OK | |||
r-oldrel-windows-x86_64 | 0.6.1 | 36.00 | 321.00 | 357.00 | OK |
Version: 0.6.1
Check: data for non-ASCII characters
Result: NOTE
Note: found 40733 marked UTF-8 strings
Flavors: r-devel-linux-x86_64-fedora-clang, r-devel-linux-x86_64-fedora-gcc