Last updated on 2024-08-16 09:49:18 CEST.
Flavor | Version | Tinstall | Tcheck | Ttotal | Status | Flags |
---|---|---|---|---|---|---|
r-devel-linux-x86_64-debian-clang | 0.6.1 | 22.96 | 231.41 | 254.37 | OK | |
r-devel-linux-x86_64-debian-gcc | 0.6.1 | 13.93 | 159.64 | 173.57 | OK | |
r-devel-linux-x86_64-fedora-clang | 0.6.1 | 404.38 | NOTE | |||
r-devel-linux-x86_64-fedora-gcc | 0.6.1 | 396.00 | NOTE | |||
r-devel-windows-x86_64 | 0.6.1 | 27.00 | 250.00 | 277.00 | OK | |
r-patched-linux-x86_64 | 0.6.1 | 26.09 | 217.05 | 243.14 | OK | |
r-release-linux-x86_64 | 0.6.1 | 22.60 | 219.39 | 241.99 | OK | |
r-release-macos-arm64 | 0.6.1 | 104.00 | OK | |||
r-release-macos-x86_64 | 0.6.1 | 208.00 | OK | |||
r-release-windows-x86_64 | 0.6.1 | 27.00 | 248.00 | 275.00 | OK | |
r-oldrel-macos-arm64 | 0.6.1 | 110.00 | OK | |||
r-oldrel-macos-x86_64 | 0.6.1 | 308.00 | OK | |||
r-oldrel-windows-x86_64 | 0.6.1 | 37.00 | 320.00 | 357.00 | OK |
Version: 0.6.1
Check: data for non-ASCII characters
Result: NOTE
Note: found 40733 marked UTF-8 strings
Flavors: r-devel-linux-x86_64-fedora-clang, r-devel-linux-x86_64-fedora-gcc