Last updated on 2024-06-07 21:52:00 CEST.
Flavor | Version | Tinstall | Tcheck | Ttotal | Status | Flags |
---|---|---|---|---|---|---|
r-devel-linux-x86_64-debian-clang | 0.1.4 | 7.45 | 52.05 | 59.50 | OK | |
r-devel-linux-x86_64-debian-gcc | 0.1.4 | 5.58 | 40.45 | 46.03 | OK | |
r-devel-linux-x86_64-fedora-clang | 0.1.4 | 76.89 | NOTE | |||
r-devel-linux-x86_64-fedora-gcc | 0.1.4 | 69.62 | NOTE | |||
r-devel-windows-x86_64 | 0.1.4 | 6.00 | 57.00 | 63.00 | OK | |
r-patched-linux-x86_64 | 0.1.4 | 6.49 | 50.54 | 57.03 | OK | |
r-release-linux-x86_64 | 0.1.4 | 3.87 | 50.08 | 53.95 | OK | |
r-release-macos-arm64 | 0.1.4 | 27.00 | OK | |||
r-release-macos-x86_64 | 0.1.4 | 36.00 | OK | |||
r-release-windows-x86_64 | 0.1.4 | 8.00 | 59.00 | 67.00 | OK | |
r-oldrel-macos-arm64 | 0.1.4 | 24.00 | OK | |||
r-oldrel-macos-x86_64 | 0.1.4 | 37.00 | OK | |||
r-oldrel-windows-x86_64 | 0.1.4 | 8.00 | 66.00 | 74.00 | OK |
Version: 0.1.4
Check: dependencies in R code
Result: NOTE
Namespace in Imports field not imported from: ‘tibble’
All declared Imports should be used.
Flavors: r-devel-linux-x86_64-fedora-clang, r-devel-linux-x86_64-fedora-gcc