Last updated on 2024-06-07 21:52:01 CEST.
Flavor | Version | Tinstall | Tcheck | Ttotal | Status | Flags |
---|---|---|---|---|---|---|
r-devel-linux-x86_64-debian-clang | 1.0.0 | 133.47 | 137.02 | 270.49 | OK | |
r-devel-linux-x86_64-debian-gcc | 1.0.0 | 100.73 | 97.39 | 198.12 | OK | |
r-devel-linux-x86_64-fedora-clang | 1.0.0 | 338.97 | OK | |||
r-devel-linux-x86_64-fedora-gcc | 1.0.0 | 371.29 | OK | |||
r-devel-windows-x86_64 | 1.0.0 | 94.00 | 147.00 | 241.00 | OK | |
r-patched-linux-x86_64 | 1.0.0 | 83.94 | 127.67 | 211.61 | OK | |
r-release-linux-x86_64 | 1.0.0 | 94.95 | 129.56 | 224.51 | OK | |
r-release-macos-arm64 | 1.0.0 | 101.00 | NOTE | |||
r-release-macos-x86_64 | 1.0.0 | 131.00 | NOTE | |||
r-release-windows-x86_64 | 1.0.0 | 94.00 | 153.00 | 247.00 | OK | |
r-oldrel-macos-arm64 | 1.0.0 | 119.00 | NOTE | |||
r-oldrel-macos-x86_64 | 1.0.0 | 229.00 | NOTE | |||
r-oldrel-windows-x86_64 | 1.0.0 | 114.00 | 186.00 | 300.00 | OK |
Version: 1.0.0
Check: installed package size
Result: NOTE
installed size is 24.1Mb
sub-directories of 1Mb or more:
libs 23.4Mb
Flavors: r-release-macos-arm64, r-release-macos-x86_64, r-oldrel-macos-arm64, r-oldrel-macos-x86_64