Last updated on 2024-06-30 00:59:28 CEST.
Flavor | Version | Tinstall | Tcheck | Ttotal | Status | Flags |
---|---|---|---|---|---|---|
r-devel-linux-x86_64-debian-clang | 0.8.9 | 5.27 | 26.23 | 31.50 | OK | |
r-devel-linux-x86_64-debian-gcc | 0.8.9 | 3.60 | 19.81 | 23.41 | OK | |
r-devel-linux-x86_64-fedora-clang | 0.8.9 | 39.92 | OK | |||
r-devel-linux-x86_64-fedora-gcc | 0.8.9 | 38.22 | OK | |||
r-devel-windows-x86_64 | 0.8.9 | 18.00 | 56.00 | 74.00 | OK | |
r-patched-linux-x86_64 | 0.8.9 | 4.28 | 24.79 | 29.07 | OK | |
r-release-linux-x86_64 | 0.8.9 | 4.67 | 25.36 | 30.03 | OK | |
r-release-macos-arm64 | 0.8.9 | 22.00 | NOTE | |||
r-release-macos-x86_64 | 0.8.9 | 29.00 | NOTE | |||
r-release-windows-x86_64 | 0.8.9 | 18.00 | 57.00 | 75.00 | OK | |
r-oldrel-macos-arm64 | 0.8.9 | 29.00 | NOTE | |||
r-oldrel-macos-x86_64 | 0.8.9 | 63.00 | NOTE | |||
r-oldrel-windows-x86_64 | 0.8.9 | 22.00 | 62.00 | 84.00 | OK |
Version: 0.8.9
Check: installed package size
Result: NOTE
installed size is 19.8Mb
sub-directories of 1Mb or more:
fonts 1.8Mb
libs 17.9Mb
Flavors: r-release-macos-arm64, r-release-macos-x86_64, r-oldrel-macos-arm64, r-oldrel-macos-x86_64