Last updated on 2024-08-16 09:49:19 CEST.
Flavor | Version | Tinstall | Tcheck | Ttotal | Status | Flags |
---|---|---|---|---|---|---|
r-devel-linux-x86_64-debian-clang | 0.1.2 | 43.07 | 32.14 | 75.21 | NOTE | |
r-devel-linux-x86_64-debian-gcc | 0.1.2 | 37.11 | 25.79 | 62.90 | NOTE | |
r-devel-linux-x86_64-fedora-clang | 0.1.2 | 123.55 | NOTE | |||
r-devel-linux-x86_64-fedora-gcc | 0.1.2 | 125.53 | NOTE | |||
r-devel-windows-x86_64 | 0.1.2 | 46.00 | 66.00 | 112.00 | NOTE | |
r-patched-linux-x86_64 | 0.1.2 | 42.52 | 31.55 | 74.07 | NOTE | |
r-release-linux-x86_64 | 0.1.2 | 43.69 | 32.06 | 75.75 | NOTE | |
r-release-macos-arm64 | 0.1.2 | 58.00 | NOTE | |||
r-release-macos-x86_64 | 0.1.2 | 71.00 | NOTE | |||
r-release-windows-x86_64 | 0.1.2 | 47.00 | 67.00 | 114.00 | NOTE | |
r-oldrel-macos-arm64 | 0.1.2 | 68.00 | NOTE | |||
r-oldrel-macos-x86_64 | 0.1.2 | 86.00 | NOTE | |||
r-oldrel-windows-x86_64 | 0.1.2 | 62.00 | 84.00 | 146.00 | NOTE |
Version: 0.1.2
Check: C++ specification
Result: NOTE
Specified C++14: please drop specification unless essential
Flavors: r-devel-linux-x86_64-debian-clang, r-devel-linux-x86_64-debian-gcc, r-devel-linux-x86_64-fedora-clang, r-devel-linux-x86_64-fedora-gcc, r-devel-windows-x86_64, r-patched-linux-x86_64, r-release-linux-x86_64, r-release-macos-arm64, r-release-macos-x86_64, r-release-windows-x86_64, r-oldrel-macos-arm64, r-oldrel-macos-x86_64, r-oldrel-windows-x86_64
Version: 0.1.2
Check: installed package size
Result: NOTE
installed size is 5.5Mb
sub-directories of 1Mb or more:
data 5.1Mb
Flavors: r-devel-linux-x86_64-fedora-clang, r-devel-windows-x86_64, r-release-macos-arm64, r-release-macos-x86_64, r-release-windows-x86_64, r-oldrel-macos-arm64, r-oldrel-macos-x86_64, r-oldrel-windows-x86_64
Version: 0.1.2
Check: dependencies in R code
Result: NOTE
Namespaces in Imports field not imported from:
‘cpp11’ ‘dplyr’ ‘magrittr’ ‘stringi’
All declared Imports should be used.
Flavors: r-devel-linux-x86_64-fedora-clang, r-devel-linux-x86_64-fedora-gcc
Version: 0.1.2
Check: data for non-ASCII characters
Result: NOTE
Note: found 384749 marked UTF-8 strings
Flavors: r-devel-linux-x86_64-fedora-clang, r-devel-linux-x86_64-fedora-gcc