Last updated on 2024-06-07 21:52:02 CEST.
Flavor | Version | Tinstall | Tcheck | Ttotal | Status | Flags |
---|---|---|---|---|---|---|
r-devel-linux-x86_64-debian-clang | 1.2 | 19.08 | 135.16 | 154.24 | OK | |
r-devel-linux-x86_64-debian-gcc | 1.2 | 13.30 | 101.06 | 114.36 | OK | |
r-devel-linux-x86_64-fedora-clang | 1.2 | 188.74 | NOTE | |||
r-devel-linux-x86_64-fedora-gcc | 1.2 | 182.48 | NOTE | |||
r-devel-windows-x86_64 | 1.2 | 17.00 | 104.00 | 121.00 | OK | |
r-patched-linux-x86_64 | 1.2 | 12.92 | 127.87 | 140.79 | OK | |
r-release-linux-x86_64 | 1.2 | 16.83 | 125.01 | 141.84 | OK | |
r-release-macos-arm64 | 1.2 | 48.00 | OK | |||
r-release-macos-x86_64 | 1.2 | 76.00 | OK | |||
r-release-windows-x86_64 | 1.2 | 16.00 | 105.00 | 121.00 | OK | |
r-oldrel-macos-arm64 | 1.2 | 57.00 | OK | |||
r-oldrel-macos-x86_64 | 1.2 | 91.00 | OK | |||
r-oldrel-windows-x86_64 | 1.2 | 22.00 | 127.00 | 149.00 | OK |
Version: 1.2
Check: dependencies in R code
Result: NOTE
Namespaces in Imports field not imported from:
‘V8’ ‘colorspace’
All declared Imports should be used.
Flavors: r-devel-linux-x86_64-fedora-clang, r-devel-linux-x86_64-fedora-gcc