Last updated on 2024-06-15 11:50:21 CEST.
Flavor | Version | Tinstall | Tcheck | Ttotal | Status | Flags |
---|---|---|---|---|---|---|
r-devel-linux-x86_64-debian-clang | 0.1.6 | 1104.95 | 612.79 | 1717.74 | NOTE | |
r-devel-linux-x86_64-debian-gcc | 0.1.6 | 975.45 | 567.14 | 1542.59 | NOTE | |
r-devel-linux-x86_64-fedora-clang | 0.1.6 | 1437.10 | NOTE | |||
r-devel-linux-x86_64-fedora-gcc | 0.1.6 | 2784.15 | NOTE | |||
r-devel-windows-x86_64 | 0.1.6 | 891.00 | 643.00 | 1534.00 | NOTE | |
r-patched-linux-x86_64 | 0.1.6 | 0.02 | 3.58 | 3.60 | ERROR | |
r-release-linux-x86_64 | 0.1.6 | 0.03 | 3.40 | 3.43 | ERROR | |
r-release-macos-arm64 | 0.1.6 | 603.00 | NOTE | |||
r-release-macos-x86_64 | 0.1.6 | 786.00 | NOTE | |||
r-release-windows-x86_64 | 0.1.6 | 878.00 | 683.00 | 1561.00 | NOTE | |
r-oldrel-macos-arm64 | 0.1.6 | 579.00 | NOTE | |||
r-oldrel-macos-x86_64 | 0.1.6 | 947.00 | NOTE | |||
r-oldrel-windows-x86_64 | 0.1.6 | 1105.00 | 780.00 | 1885.00 | NOTE |
Version: 0.1.6
Check: for GNU extensions in Makefiles
Result: NOTE
GNU make is a SystemRequirements.
Flavors: r-devel-linux-x86_64-debian-clang, r-devel-linux-x86_64-debian-gcc, r-devel-linux-x86_64-fedora-clang, r-devel-linux-x86_64-fedora-gcc, r-devel-windows-x86_64, r-release-macos-arm64, r-release-macos-x86_64, r-release-windows-x86_64, r-oldrel-macos-arm64, r-oldrel-macos-x86_64, r-oldrel-windows-x86_64
Version: 0.1.6
Check: installed package size
Result: NOTE
installed size is 14.5Mb
sub-directories of 1Mb or more:
doc 3.9Mb
libs 9.5Mb
Flavors: r-devel-linux-x86_64-fedora-clang, r-devel-windows-x86_64, r-release-macos-arm64, r-release-macos-x86_64, r-release-windows-x86_64, r-oldrel-macos-arm64, r-oldrel-macos-x86_64, r-oldrel-windows-x86_64
Version: 0.1.6
Check: whether package can be installed
Result: ERROR
Installation failed.
Flavors: r-patched-linux-x86_64, r-release-linux-x86_64