Last updated on 2024-06-07 21:52:02 CEST.
Flavor | Version | Tinstall | Tcheck | Ttotal | Status | Flags |
---|---|---|---|---|---|---|
r-devel-linux-x86_64-debian-clang | 1.3.1 | 2.59 | 43.80 | 46.39 | NOTE | |
r-devel-linux-x86_64-debian-gcc | 1.3.1 | 2.07 | 32.47 | 34.54 | NOTE | |
r-devel-linux-x86_64-fedora-clang | 1.3.1 | 58.66 | NOTE | |||
r-devel-linux-x86_64-fedora-gcc | 1.3.1 | 81.89 | NOTE | |||
r-devel-windows-x86_64 | 1.3.1 | 5.00 | 59.00 | 64.00 | NOTE | |
r-patched-linux-x86_64 | 1.3.1 | 2.67 | 41.37 | 44.04 | NOTE | |
r-release-linux-x86_64 | 1.3.1 | 2.44 | 40.72 | 43.16 | NOTE | |
r-release-macos-arm64 | 1.3.1 | 36.00 | NOTE | |||
r-release-macos-x86_64 | 1.3.1 | 70.00 | NOTE | |||
r-release-windows-x86_64 | 1.3.1 | 3.00 | 59.00 | 62.00 | NOTE | |
r-oldrel-macos-arm64 | 1.3.1 | 34.00 | NOTE | |||
r-oldrel-macos-x86_64 | 1.3.1 | 50.00 | NOTE | |||
r-oldrel-windows-x86_64 | 1.3.1 | 4.00 | 62.00 | 66.00 | NOTE |
Version: 1.3.1
Check: dependencies in R code
Result: NOTE
There are ::: calls to the package's namespace in its code. A package
almost never needs to use ::: for its own objects:
‘log2console’
Flavors: r-devel-linux-x86_64-debian-clang, r-devel-linux-x86_64-debian-gcc, r-devel-linux-x86_64-fedora-clang, r-devel-linux-x86_64-fedora-gcc, r-devel-windows-x86_64, r-patched-linux-x86_64, r-release-linux-x86_64, r-release-macos-arm64, r-release-macos-x86_64, r-release-windows-x86_64, r-oldrel-macos-arm64, r-oldrel-macos-x86_64, r-oldrel-windows-x86_64