Last updated on 2024-06-15 11:50:21 CEST.
Flavor | Version | Tinstall | Tcheck | Ttotal | Status | Flags |
---|---|---|---|---|---|---|
r-devel-linux-x86_64-debian-clang | 0.7 | 12.84 | 129.56 | 142.40 | OK | |
r-devel-linux-x86_64-debian-gcc | 0.7 | 9.50 | 96.04 | 105.54 | OK | |
r-devel-linux-x86_64-fedora-clang | 0.7 | 172.14 | NOTE | |||
r-devel-linux-x86_64-fedora-gcc | 0.7 | 160.15 | OK | |||
r-devel-windows-x86_64 | 0.7 | 11.00 | 113.00 | 124.00 | OK | |
r-patched-linux-x86_64 | 0.7 | 10.05 | 124.15 | 134.20 | OK | |
r-release-linux-x86_64 | 0.7 | 11.56 | 125.28 | 136.84 | OK | |
r-release-macos-arm64 | 0.7 | 51.00 | OK | |||
r-release-macos-x86_64 | 0.7 | 83.00 | OK | |||
r-release-windows-x86_64 | 0.7 | 11.00 | 118.00 | 129.00 | OK | |
r-oldrel-macos-arm64 | 0.7 | 58.00 | OK | |||
r-oldrel-macos-x86_64 | 0.7 | 136.00 | OK | |||
r-oldrel-windows-x86_64 | 0.7 | 14.00 | 143.00 | 157.00 | OK |
Version: 0.7
Check: Rd cross-references
Result: NOTE
Undeclared package ‘randomForest’ in Rd xrefs
Flavor: r-devel-linux-x86_64-fedora-clang