Last updated on 2024-06-08 09:49:23 CEST.
Flavor | Version | Tinstall | Tcheck | Ttotal | Status | Flags |
---|---|---|---|---|---|---|
r-devel-linux-x86_64-debian-clang | 1.2.6 | 736.25 | 323.52 | 1059.77 | NOTE | |
r-devel-linux-x86_64-debian-gcc | 1.2.6 | 610.35 | 272.06 | 882.41 | NOTE | |
r-devel-linux-x86_64-fedora-clang | 1.2.6 | 1142.99 | NOTE | |||
r-devel-linux-x86_64-fedora-gcc | 1.2.6 | 1484.99 | NOTE | |||
r-devel-windows-x86_64 | 1.2.6 | 455.00 | 297.00 | 752.00 | NOTE | |
r-patched-linux-x86_64 | 1.2.6 | 652.66 | 354.22 | 1006.88 | NOTE | |
r-release-linux-x86_64 | 1.2.6 | 703.65 | 345.17 | 1048.82 | NOTE | |
r-release-macos-arm64 | 1.2.6 | 315.00 | NOTE | |||
r-release-macos-x86_64 | 1.2.6 | 327.00 | NOTE | |||
r-release-windows-x86_64 | 1.2.6 | 510.00 | 314.00 | 824.00 | NOTE | |
r-oldrel-macos-arm64 | 1.2.6 | 535.00 | NOTE | |||
r-oldrel-macos-x86_64 | 1.2.6 | 546.00 | NOTE | |||
r-oldrel-windows-x86_64 | 1.2.6 | 593.00 | 377.00 | 970.00 | NOTE |
Version: 1.2.6
Check: for GNU extensions in Makefiles
Result: NOTE
GNU make is a SystemRequirements.
Flavors: r-devel-linux-x86_64-debian-clang, r-devel-linux-x86_64-debian-gcc, r-devel-linux-x86_64-fedora-clang, r-devel-linux-x86_64-fedora-gcc, r-devel-windows-x86_64, r-patched-linux-x86_64, r-release-linux-x86_64, r-release-macos-arm64, r-release-macos-x86_64, r-release-windows-x86_64, r-oldrel-macos-arm64, r-oldrel-macos-x86_64, r-oldrel-windows-x86_64
Version: 1.2.6
Check: installed package size
Result: NOTE
installed size is 8.5Mb
sub-directories of 1Mb or more:
R 1.4Mb
doc 1.0Mb
libs 5.8Mb
Flavors: r-devel-linux-x86_64-fedora-clang, r-devel-windows-x86_64, r-release-macos-arm64, r-release-macos-x86_64, r-release-windows-x86_64, r-oldrel-macos-arm64, r-oldrel-macos-x86_64, r-oldrel-windows-x86_64