Last updated on 2024-06-07 21:52:02 CEST.
Flavor | Version | Tinstall | Tcheck | Ttotal | Status | Flags |
---|---|---|---|---|---|---|
r-devel-linux-x86_64-debian-clang | 1.0.1 | 5.54 | 122.87 | 128.41 | OK | |
r-devel-linux-x86_64-debian-gcc | 1.0.1 | 3.13 | 89.51 | 92.64 | OK | |
r-devel-linux-x86_64-fedora-clang | 1.0.1 | 158.22 | NOTE | |||
r-devel-linux-x86_64-fedora-gcc | 1.0.1 | 164.73 | OK | |||
r-devel-windows-x86_64 | 1.0.1 | 6.00 | 97.00 | 103.00 | NOTE | |
r-patched-linux-x86_64 | 1.0.1 | 5.57 | 118.00 | 123.57 | OK | |
r-release-linux-x86_64 | 1.0.1 | 3.12 | 114.15 | 117.27 | OK | |
r-release-macos-arm64 | 1.0.1 | 44.00 | NOTE | |||
r-release-macos-x86_64 | 1.0.1 | 72.00 | NOTE | |||
r-release-windows-x86_64 | 1.0.1 | 5.00 | 99.00 | 104.00 | NOTE | |
r-oldrel-macos-arm64 | 1.0.1 | 53.00 | NOTE | |||
r-oldrel-macos-x86_64 | 1.0.1 | 76.00 | NOTE | |||
r-oldrel-windows-x86_64 | 1.0.1 | 7.00 | 116.00 | 123.00 | NOTE |
Version: 1.0.1
Check: installed package size
Result: NOTE
installed size is 6.8Mb
sub-directories of 1Mb or more:
doc 5.4Mb
extdata 1.1Mb
Flavors: r-devel-linux-x86_64-fedora-clang, r-devel-windows-x86_64, r-release-macos-arm64, r-release-macos-x86_64, r-release-windows-x86_64, r-oldrel-macos-arm64, r-oldrel-macos-x86_64, r-oldrel-windows-x86_64