Last updated on 2024-06-29 11:49:27 CEST.
Flavor | Version | Tinstall | Tcheck | Ttotal | Status | Flags |
---|---|---|---|---|---|---|
r-devel-linux-x86_64-debian-clang | 1.3.7 | 5.62 | 62.50 | 68.12 | NOTE | |
r-devel-linux-x86_64-debian-gcc | 1.3.7 | 4.52 | 46.38 | 50.90 | NOTE | |
r-devel-linux-x86_64-fedora-clang | 1.3.7 | 86.30 | NOTE | |||
r-devel-linux-x86_64-fedora-gcc | 1.3.7 | 93.92 | NOTE | |||
r-devel-windows-x86_64 | 1.3.7 | 7.00 | 67.00 | 74.00 | NOTE | |
r-patched-linux-x86_64 | 1.3.7 | 5.75 | 59.03 | 64.78 | NOTE | |
r-release-linux-x86_64 | 1.3.7 | 5.09 | 58.92 | 64.01 | NOTE | |
r-release-macos-arm64 | 1.3.7 | 34.00 | NOTE | |||
r-release-macos-x86_64 | 1.3.7 | 49.00 | NOTE | |||
r-release-windows-x86_64 | 1.3.7 | 7.00 | 67.00 | 74.00 | NOTE | |
r-oldrel-macos-arm64 | 1.3.7 | 39.00 | NOTE | |||
r-oldrel-macos-x86_64 | 1.3.7 | 119.00 | NOTE | |||
r-oldrel-windows-x86_64 | 1.3.7 | 7.00 | 73.00 | 80.00 | NOTE |
Version: 1.3.7
Check: package dependencies
Result: NOTE
Package suggested but not available for checking: ‘prepr’
Flavors: r-devel-linux-x86_64-debian-clang, r-devel-linux-x86_64-debian-gcc, r-devel-linux-x86_64-fedora-clang, r-devel-linux-x86_64-fedora-gcc, r-devel-windows-x86_64, r-patched-linux-x86_64, r-release-linux-x86_64, r-release-macos-arm64, r-release-macos-x86_64, r-release-windows-x86_64, r-oldrel-macos-arm64, r-oldrel-macos-x86_64, r-oldrel-windows-x86_64
Version: 1.3.7
Check: Rd files
Result: NOTE
checkRd: (-1) wdpa_clean.Rd:23: Lost braces
23 | \item{crs}{\code{character} or code{integer} object representing a
| ^
Flavors: r-devel-linux-x86_64-debian-clang, r-devel-linux-x86_64-debian-gcc, r-devel-linux-x86_64-fedora-clang, r-devel-linux-x86_64-fedora-gcc, r-devel-windows-x86_64, r-patched-linux-x86_64, r-release-linux-x86_64, r-release-macos-arm64, r-release-macos-x86_64, r-release-windows-x86_64