Last updated on 2024-06-07 21:52:03 CEST.
Flavor | Version | Tinstall | Tcheck | Ttotal | Status | Flags |
---|---|---|---|---|---|---|
r-devel-linux-x86_64-debian-clang | 0.3.1 | 4.94 | 113.04 | 117.98 | OK | |
r-devel-linux-x86_64-debian-gcc | 0.3.1 | 3.69 | 87.12 | 90.81 | OK | |
r-devel-linux-x86_64-fedora-clang | 0.3.1 | 156.87 | NOTE | |||
r-devel-linux-x86_64-fedora-gcc | 0.3.1 | 152.41 | NOTE | |||
r-devel-windows-x86_64 | 0.3.1 | 7.00 | 113.00 | 120.00 | OK | |
r-patched-linux-x86_64 | 0.3.1 | 5.60 | 105.29 | 110.89 | OK | |
r-release-linux-x86_64 | 0.3.1 | 5.22 | 111.71 | 116.93 | OK | |
r-release-macos-arm64 | 0.3.1 | 51.00 | OK | |||
r-release-macos-x86_64 | 0.3.1 | 78.00 | OK | |||
r-release-windows-x86_64 | 0.3.1 | 7.00 | 115.00 | 122.00 | OK | |
r-oldrel-macos-arm64 | 0.3.1 | 59.00 | OK | |||
r-oldrel-macos-x86_64 | 0.3.1 | 100.00 | OK | |||
r-oldrel-windows-x86_64 | 0.3.1 | 8.00 | 128.00 | 136.00 | OK |
Version: 0.3.1
Check: data for non-ASCII characters
Result: NOTE
Note: found 14 marked UTF-8 strings
Flavors: r-devel-linux-x86_64-fedora-clang, r-devel-linux-x86_64-fedora-gcc