Last updated on 2024-06-07 21:52:03 CEST.
Flavor | Version | Tinstall | Tcheck | Ttotal | Status | Flags |
---|---|---|---|---|---|---|
r-devel-linux-x86_64-debian-clang | 0.6.2 | 19.24 | 106.88 | 126.12 | OK | |
r-devel-linux-x86_64-debian-gcc | 0.6.2 | 12.55 | 78.25 | 90.80 | OK | |
r-devel-linux-x86_64-fedora-clang | 0.6.2 | 157.82 | NOTE | |||
r-devel-linux-x86_64-fedora-gcc | 0.6.2 | 151.85 | OK | |||
r-devel-windows-x86_64 | 0.6.2 | 16.00 | 156.00 | 172.00 | OK | |
r-patched-linux-x86_64 | 0.6.2 | 17.79 | 103.27 | 121.06 | OK | |
r-release-linux-x86_64 | 0.6.2 | 11.03 | 100.80 | 111.83 | OK | |
r-release-macos-arm64 | 0.6.2 | 99.00 | OK | |||
r-release-macos-x86_64 | 0.6.2 | 123.00 | OK | |||
r-release-windows-x86_64 | 0.6.2 | 16.00 | 164.00 | 180.00 | OK | |
r-oldrel-macos-arm64 | 0.6.2 | 96.00 | OK | |||
r-oldrel-macos-x86_64 | 0.6.2 | 120.00 | OK | |||
r-oldrel-windows-x86_64 | 0.6.2 | 20.00 | 173.00 | 193.00 | OK |
Version: 0.6.2
Check: package dependencies
Result: NOTE
Imports includes 23 non-default packages.
Importing from so many packages makes the package vulnerable to any of
them becoming unavailable. Move as many as possible to Suggests and
use conditionally.
Flavor: r-devel-linux-x86_64-fedora-clang