Last updated on 2024-06-07 21:52:03 CEST.
Flavor | Version | Tinstall | Tcheck | Ttotal | Status | Flags |
---|---|---|---|---|---|---|
r-devel-linux-x86_64-debian-clang | 3.0.3 | 73.44 | 85.74 | 159.18 | OK | |
r-devel-linux-x86_64-debian-gcc | 3.0.3 | 49.56 | 63.85 | 113.41 | OK | |
r-devel-linux-x86_64-fedora-clang | 3.0.3 | 216.99 | NOTE | |||
r-devel-linux-x86_64-fedora-gcc | 3.0.3 | 203.29 | NOTE | |||
r-devel-windows-x86_64 | 3.0.3 | 58.00 | 103.00 | 161.00 | NOTE | |
r-patched-linux-x86_64 | 3.0.3 | 61.16 | 82.16 | 143.32 | OK | |
r-release-linux-x86_64 | 3.0.3 | 43.28 | 80.07 | 123.35 | OK | |
r-release-macos-arm64 | 3.0.3 | 66.00 | NOTE | |||
r-release-macos-x86_64 | 3.0.3 | 89.00 | NOTE | |||
r-release-windows-x86_64 | 3.0.3 | 60.00 | 108.00 | 168.00 | NOTE | |
r-oldrel-macos-arm64 | 3.0.3 | 73.00 | NOTE | |||
r-oldrel-macos-x86_64 | 3.0.3 | 130.00 | NOTE | |||
r-oldrel-windows-x86_64 | 3.0.3 | 71.00 | 130.00 | 201.00 | NOTE |
Version: 3.0.3
Check: installed package size
Result: NOTE
installed size is 5.7Mb
sub-directories of 1Mb or more:
data 3.5Mb
help 1.9Mb
Flavors: r-devel-linux-x86_64-fedora-clang, r-devel-windows-x86_64, r-release-macos-arm64, r-release-macos-x86_64, r-release-windows-x86_64, r-oldrel-macos-arm64, r-oldrel-macos-x86_64, r-oldrel-windows-x86_64
Version: 3.0.3
Check: dependencies in R code
Result: NOTE
Namespaces in Imports field not imported from:
‘future’ ‘tidyr’
All declared Imports should be used.
Flavors: r-devel-linux-x86_64-fedora-clang, r-devel-linux-x86_64-fedora-gcc